*n/2. What is the greatest common divisor of 306 and c?
34
Suppose -65 = -2*j + 19. Suppose 138 = -7*l + 30*l. Calculate the highest common factor of l and j.
6
Suppose 10*m - 5 - 25 = 0. Suppose -2*g = m*r - 4*r + 79, -5*r = -5*g - 205. Let j be -2 - (g/(-5))/((-4)/20). What is the greatest common factor of 9 and j?
9
Suppose 7*y = 8*y - 11. Suppose 6*r = y*r - 55. What is the greatest common divisor of 583 and r?
11
Let z = 13491 + -13148. Calculate the highest common factor of 882 and z.
49
Let i = -15693 + 15702. Calculate the greatest common divisor of 501 and i.
3
Let y be (-2240)/(-25) + 4/10. Let s be ((-8946)/84)/(2/(-4)). Let u = -195 + s. What is the highest common divisor of y and u?
18
Let o be 166/1245 - 25226/(-30). Let f be ((-8)/(-20))/(2/290). What is the highest common factor of f and o?
29
Suppose -2*m = -5*m - 4*p + 6, 8 = 4*m + 4*p. Let w be ((-22)/(-33))/(m/180). Let i(x) = 6*x + 90. Let g be i(0). What is the highest common divisor of w and g?
30
Let n = 633 - 576. Let i be ((-19)/(-10))/((-6)/(-15))*12. What is the highest common divisor of i and n?
57
Suppose 3*o = 5*i - 0*o - 914, -5*i + 2*o + 916 = 0. Let c = i + -119. What is the greatest common divisor of 260 and c?
65
Suppose 5*g - 4 = 4*g. Suppose 70 = -5*q - 4*a, 5*q - 5*a + 15 = -10. Let d be ((486/15)/(-3))/(3/q). What is the greatest common divisor of d and g?
4
Let o(a) = 3703*a - 11092. Let b be o(3). Let w be ((-44)/(-6))/((-4)/(-102)). Calculate the greatest common divisor of w and b.
17
Let g = -11764 + 11848. Suppose 0 = 2*h - 131 - 149. Calculate the greatest common divisor of g and h.
28
Let k = 192 - 137. Let b = 5 + k. Calculate the highest common divisor of 12 and b.
12
Let r be (-7)/(-6) - 1 - (-12)/(432/6366). Calculate the greatest common divisor of 12036 and r.
177
Let h = -230 - -242. Let i = 877 - 853. Calculate the highest common divisor of h and i.
12
Let y(w) = w**2 - 2*w + 4. Let x be y(0). Suppose -10*m + a - 12 = -11*m, 24 = 4*m - x*a. What is the highest common divisor of 9 and m?
9
Let n be 517/2 - 35/(-14). Let a = 446 - n. What is the highest common factor of 333 and a?
37
Suppose -105*f + 227*f = 149845 + 37425. Calculate the highest common factor of 40 and f.
5
Suppose 4*u - 2*k - 20 = 0, 0 = 15*u - 17*u - 4*k - 10. Let j be (-7)/(-3)*1*9/u. What is the highest common factor of j and 3?
1
Let b(x) = x + 20. Let d = -357 + 353. Let v be b(d). Let g be 2/(-3)*6/(-4). What is the highest common factor of v and g?
1
Suppose 3*l - 3*u + 79 = 10, 0 = -4*l - 4*u - 132. Let j be ((-4)/(-3))/(l/42). Let q be 2*(-5)/j + 39. Calculate the greatest common factor of 44 and q.
44
Let v be 3 - ((-16)/(-232) - (-381644)/(-58)). Calculate the greatest common divisor of 58 and v.
29
Let d = 6079 + -5793. What is the highest common factor of 442 and d?
26
Let g be (1/1)/1*-5 - -202. Let v = -167 + g. Calculate the greatest common factor of 12 and v.
6
Suppose -85*p + 3041 + 2939 = 145*p. Calculate the highest common factor of p and 8021.
13
Let i(p) = -1134 + 1105 + p + 3*p + 94*p + 3*p. Let u be i(1). What is the greatest common divisor of u and 18?
18
Suppose -59 = -3*a + 61. Suppose -2*v + 3*v + l - 44 = 0, 2*v - 3*l = 108. Calculate the highest common factor of a and v.
8
Let p = 73 + 13. Let u = p - 66. What is the highest common divisor of u and 110?
10
Suppose 217*i = 222*i - 2*l - 20624, -4*l + 4094 = i. What is the greatest common factor of i and 90?
18
Let m = -37 - -34. Let j be 4/m + (-1865)/(-15). Let t = j - 18. Calculate the highest common factor of t and 35.
35
Let l be (2 - 1) + 8 - -4. Let q = -1 - -5. Suppose -3*w + 348 = 3*t, q*w = -0*w - 2*t + 466. What is the highest common divisor of l and w?
13
Let t(o) = 5*o**2 + 6*o - 8. Let l be t(1). Suppose -153 = -a - 3*i, l*i - 8*i = 2*a - 306. What is the greatest common divisor of 51 and a?
51
Let w(d) = d**3 - 9*d**2 - d - 2. Let o be w(9). Let j(u) = u**3 + 14*u**2 + 25*u - 10. Let x be j(o). Calculate the greatest common factor of x and 39.
39
Suppose -i = -10*i - 9. Let r(p) = 26*p**2 - 2*p - 1. Let b be r(i). Let h be 36*(9/24)/(-3)*-2. Calculate the greatest common divisor of h and b.
9
Let r = 40 + -37. Let a(v) = -2*v. Let c be a(r). Let h(n) = 2*n + 24. Let u be h(c). What is the greatest common factor of 4 and u?
4
Let v be -273*180/240*1*(-8)/9. Suppose 256 = 2*n + k, -2 - 10 = 3*k. What is the highest common divisor of n and v?
26
Let j(x) = 2*x - 7. Let k(y) = -y + 4. Let t(s) = j(s) + 4*k(s). Let z be t(-5). What is the greatest common factor of 247 and z?
19
Let x be (-4 + 13326/15)*(4 + (1 - 0)). Calculate the greatest common divisor of 264 and x.
66
Let h(x) = -53*x - 341. Let c be h(-9). Calculate the greatest common factor of c and 144.
8
Let h(g) = 4*g + 6. Let v be h(0). Let t be 0/((-3)/v*2). Suppose -5*m = 3*n - 97, t = 2*m - 4*m - n + 38. What is the greatest common divisor of m and 85?
17
Let l be 14*(-5)/(-12) - 2/(-12). Let o(i) = -4*i - 2 + 5 + 3*i + 0*i. Let s be o(-3). Calculate the greatest common divisor of s and l.
6
Let f(g) = 35*g + 1. Let i be f(1). Suppose 2*v - 118 = -4*x, 5*x + 0*x - v - 130 = 0. Calculate the greatest common factor of x and i.
9
Suppose 4*m = 6*m - 0*m. Suppose 0 = -3*r + 2*y + 2*y + 16, 4*r + 5*y - 73 = m. Suppose -1089*i - 1440 = -1095*i. What is the highest common divisor of r and i?
12
Let d = -3817 + 5737. Calculate the greatest common divisor of d and 50.
10
Let h(i) = -i + 4. Suppose 8*n + 4*d = 3*n + 10, 2*n = 5*d + 4. Let v be h(n). Let b = -250 + 256. What is the highest common factor of b and v?
2
Suppose -18*p + 23 = n - 13*p, p = -2. Let s be ((-1)/(-2))/((-10698)/(-1188) + -9). Calculate the greatest common factor of n and s.
33
Let q = 2090 - 2084. Let i be -1 + 8 + (-3)/3. What is the highest common factor of q and i?
6
Suppose -d = -6*d + 87*d - 1558. What is the greatest common factor of 23389 and d?
19
Let m(y) = 3*y**2 - 5*y - 82. Let v be m(12). Suppose -65 = a - 6*a - 3*i, -5*a + 3*i + 35 = 0. Calculate the greatest common divisor of v and a.
10
Let j be 11 - 1/((-4)/4 - 0). Let b = -25 - j. Let f be 4*142/6 - b/111. Calculate the highest common divisor of f and 38.
19
Let u be -4*(20/(-4))/10. Suppose -5*b = -5*p - 775, -u*p + 3*p - 307 = -2*b. Let k = b + -55. Calculate the greatest common divisor of 66 and k.
33
Suppose 8*x - 30 = -14. Let z be -5 + x + 4 - -8. What is the greatest common divisor of z and 207?
9
Let k be (34/5)/((16 - 3)*(-10)/(-325)). What is the greatest common factor of k and 9979?
17
Let g be (-4)/(-20) + -388*6/(-60). Suppose -32*y = -1148 - 2596. Calculate the greatest common divisor of y and g.
39
Let n = -62892 - -63044. Suppose 2*l - 3*l = -19. Calculate the greatest common divisor of n and l.
19
Suppose u - 4 = -2. Let c be 8/u*20/20. Suppose 0*f + c*f - 44 = 0. What is the highest common divisor of 11 and f?
11
Let z = 392 + -394. Let c be -8 - -1 - 264/z. What is the greatest common divisor of c and 5?
5
Suppose -62*n + 864 = -50*n. Let l be (n - 1) + -8 + 0 + 2. What is the greatest common factor of l and 1755?
65
Let k(f) = 11*f - 6. Let t(u) = 7*u - 4. Let m(v) = 5*k(v) - 8*t(v). Let h be m(-4). Let i = 142289 + -142235. What is the greatest common divisor of i and h?
6
Let g = 426 - 421. Suppose w + 0*w - k = 185, 3*k = -g*w + 933. Calculate the greatest common factor of 62 and w.
62
Suppose 3*r = -4*v + 849, 34*v - 39*v + 1060 = 4*r. Let a = -187 + 268. Calculate the greatest common divisor of a and v.
27
Let b = 331 - 278. Suppose -58988 = -b*v + 5619. What is the greatest common factor of 23 and v?
23
Let h be (62 - (-8 - 0))/(6 - 5). Let v be (-2)/(2 - 10/4). Suppose -5*b + 46 + v = 0. Calculate the highest common divisor of h and b.
10
Let f be (22/(88/(-5)))/(-4 - 1245/(-312)). Calculate the greatest common divisor of f and 3430.
10
Let k be 6/14*77/11. Suppose -349 = -k*t - p, 4*t - 2*p = -5*p + 462. Let b = -95 + t. Calculate the highest common divisor of b and 66.
22
Suppose 14*s + 268 = 1290. Calculate the greatest common factor of s and 3577.
73
Let w(l) = 129*l**3 - 6*l**2 + 8*l - 1. Let f be w(1). Suppose -24*v + 37*v - f = 0. Calculate the highest common factor of v and 120.
10
Suppose 2733*o - 23560 = 2728*o. What is the greatest common factor of 152